d 8?
2
Calculate the highest common factor of 6 and 45.
3
What is the greatest common factor of 500 and 12?
4
Calculate the greatest common factor of 2304 and 16.
16
Calculate the highest common factor of 3 and 147.
3
Calculate the greatest common factor of 21 and 1211.
7
Calculate the greatest common factor of 2210 and 13.
13
Calculate the greatest common divisor of 27 and 16.
1
What is the greatest common divisor of 32 and 344?
8
What is the highest common factor of 52 and 286?
26
What is the greatest common factor of 1529 and 6533?
139
What is the greatest common factor of 7199 and 46?
23
What is the greatest common divisor of 1275 and 15?
15
What is the highest common divisor of 252 and 2100?
84
Calculate the greatest common divisor of 34 and 527.
17
What is the greatest common divisor of 9261 and 378?
189
What is the greatest common factor of 27 and 4401?
27
What is the greatest common factor of 500 and 20?
20
Calculate the highest common factor of 16 and 216.
8
What is the greatest common divisor of 7250 and 174?
58
What is the greatest common factor of 1517 and 41?
41
What is the highest common divisor of 70 and 742?
14
Calculate the highest common divisor of 70 and 70.
70
What is the greatest common factor of 294 and 2793?
147
What is the highest common factor of 4 and 100?
4
Calculate the greatest common divisor of 21 and 189.
21
Calculate the highest common divisor of 548 and 8.
4
Calculate the highest common factor of 42 and 2457.
21
Calculate the greatest common divisor of 1639 and 22.
11
What is the highest common divisor of 3 and 3039?
3
Calculate the greatest common factor of 49 and 441.
49
What is the greatest common divisor of 231 and 168?
21
Calculate the highest common divisor of 192 and 420.
12
What is the highest common factor of 57 and 6707?
19
Calculate the highest common factor of 70 and 10.
10
What is the highest common divisor of 50 and 25?
25
Calculate the highest common divisor of 123 and 6.
3
Calculate the highest common divisor of 799 and 47.
47
Calculate the highest common factor of 37 and 481.
37
What is the highest common divisor of 345 and 435?
15
Calculate the highest common divisor of 100 and 2375.
25
What is the greatest common factor of 471 and 9106?
157
What is the highest common divisor of 272 and 102?
34
Calculate the highest common factor of 530 and 20.
10
Calculate the greatest common divisor of 550 and 1225.
25
Calculate the highest common divisor of 8 and 44.
4
Calculate the highest common divisor of 3619 and 77.
77
What is the highest common divisor of 153 and 119?
17
Calculate the greatest common divisor of 153 and 36.
9
What is the greatest common divisor of 814 and 259?
37
Calculate the greatest common divisor of 1104 and 48.
48
Calculate the greatest common divisor of 119 and 12257.
119
What is the highest common divisor of 216 and 6192?
72
Calculate the greatest common divisor of 36 and 14280.
12
What is the greatest common divisor of 2668 and 1472?
92
Calculate the greatest common divisor of 340 and 1130.
10
Calculate the greatest common divisor of 14800 and 20.
20
Calculate the highest common divisor of 3 and 249.
3
What is the highest common factor of 315 and 1845?
45
Calculate the highest common divisor of 14413 and 29.
29
What is the highest common factor of 9 and 441?
9
Calculate the highest common factor of 56886 and 114.
114
Calculate the highest common divisor of 216 and 12852.
108
Calculate the highest common factor of 6 and 678.
6
What is the greatest common factor of 100 and 175?
25
What is the highest common factor of 12214 and 186?
62
What is the highest common factor of 140 and 504?
28
Calculate the highest common divisor of 459 and 102.
51
What is the greatest common factor of 48 and 6108?
12
What is the greatest common factor of 1360 and 120?
40
What is the greatest common factor of 49 and 5?
1
What is the highest common factor of 1 and 67?
1
Calculate the greatest common factor of 65 and 455.
65
What is the greatest common factor of 1967 and 7?
7
Calculate the greatest common divisor of 520 and 403.
13
What is the greatest common factor of 1284 and 12?
12
Calculate the highest common divisor of 1134 and 14.
14
Calculate the highest common divisor of 55 and 77.
11
What is the highest common divisor of 66 and 12518?
22
Calculate the greatest common factor of 2009 and 2952.
41
Calculate the greatest common divisor of 189 and 5859.
189
What is the greatest common divisor of 3 and 471?
3
What is the highest common factor of 7 and 353?
1
Calculate the highest common factor of 142 and 23146.
142
Calculate the highest common divisor of 29559 and 118.
59
Calculate the greatest common divisor of 5 and 245.
5
What is the highest common divisor of 6368 and 112?
16
What is the highest common divisor of 218 and 2?
2
Calculate the highest common factor of 30 and 24.
6
Calculate the highest common factor of 8428 and 172.
172
Calculate the greatest common divisor of 152 and 171.
19
Calculate the greatest common divisor of 2485 and 1085.
35
What is the greatest common factor of 630 and 147?
21
What is the greatest common factor of 274 and 14659?
137
What is the highest common factor of 32 and 608?
32
Calculate the highest common divisor of 32 and 73888.
32
Calculate the greatest common factor of 535 and 214.
107
What is the greatest common divisor of 300 and 120?
60
What is the highest common divisor of 12855 and 30?
15
What is the greatest common factor of 266 and 21147?
133
Calculate the greatest common divisor of 61 and 18666.
61
Calculate the highest common factor of 816 and 153.
51
Calculate the greatest common factor of 67 and 2144.
67
What is the highest common factor of 203 and 899?
29
What is the highest common factor of 72 and 4968?
72
Calculate the highest common divisor of 78 and 53976.
78
Calculate the greatest common divisor of 122 and 976.
122
What is the highest common factor of 12 and 356?
4
What is the greatest common divisor of 172 and 1634?
86
What is the highest common divisor of 128 and 96?
32
Calculate the greatest common divisor of 225 and 36.
9
What is the highest common factor of 48 and 1280?
16
What is the highest common factor of 6 and 5718?
6
What is the greatest common divisor of 1414 and 14?
14
What is the greatest common factor of 30 and 13640?
10
Calculate the highest common divisor of 7371 and 3549.
273
Calculate the greatest common divisor of 2198 and 224.
14
What is the greatest common divisor of 78 and 26286?
78
What is the highest common factor of 837 and 217?
31
What is the highest common factor of 2 and 46?
2
Calculate the highest common factor of 6728 and 116.
116
What is the highest common factor of 75 and 17175?
75
What is the greatest common divisor of 75 and 175?
25
Calculate the greatest common divisor of 26 and 4498.
26
Calculate the highest common divisor of 3126 and 6.
6
What is the highest common factor of 328 and 32?
8
What is the highest common factor of 18 and 261?
9
What is the highest common divisor of 732 and 180?
12
Calculate the greatest common factor of 580 and 20.
20
Calculate the greatest common divisor of 45 and 345.
15
What is the highest common factor of 48 and 6492?
12
Calculate the greatest common factor of 91 and 455.
91
Calculate the greatest common divisor of 887 and 1.
1
Calculate the greatest common factor of 56 and 52.
4
What is the highest common divisor of 228 and 159?
3
Calculate the greatest common factor of 66 and 42.
6
Calculate the greatest common factor of 33 and 2123.
11
Calculate the highest common factor of 56908 and 82.
82
What is the highest common divisor of 52 and 1924?
52
Calculate the greatest common divisor of 108 and 3492.
36
What is the highest common factor of 820 and 21935?
205
What is the greatest common divisor of 216 and 18684?
108
What is the greatest common divisor of 162 and 189?
27
Calculate the greatest common divisor of 22 and 1331.
11
What is the greatest common factor of 882 and 18?
18
Calculate the highest common divisor of 460 and 3036.
92
Calculate the highest common divisor of 611 and 13.
13
Calculate the greatest common factor of 64 and 192.
64
What is the greatest common factor of 4374 and 36?
18
What is the greatest common factor of 8 and 536?
8
Calculate the highest common fact